{"id":1325,"date":"2023-06-20T16:13:28","date_gmt":"2023-06-20T20:13:28","guid":{"rendered":"https:\/\/egliseilejesus.ca\/home\/?page_id=1325"},"modified":"2025-06-12T14:03:24","modified_gmt":"2025-06-12T18:03:24","slug":"nous-joindre","status":"publish","type":"page","link":"https:\/\/egliseilejesus.ca\/home\/nous-joindre\/","title":{"rendered":"Nous joindre"},"content":{"rendered":"\n\n\t<h5>Pour toutes informations g\u00e9n\u00e9rales<\/h5>\n\t<ul>\n\t\t<li>\t\t\t\t\n\t\t<h4>Par t\u00e9l\u00e9phone, entre 9h et 15h, de mardi au vendredi.<\/h4><p>450-669-4631<\/p><\/li><li><a href=\"mailto:eglise@egliseilejesus.ca\" target=\"_self\"><\/a>\t\t\t\t\n\t\t<h4>Par courriel<\/h4><p><strong>eglise@egliseilejesus.ca<\/strong><\/p><\/li>\t<\/ul>\n\t<h5><strong>Notre \u00e9quipe pastorale<\/strong><\/h5>\n\t<ul>\n\t\t<li><a href=\"mailto:ecerqueira@egliseilejesus.ca\" target=\"_self\"><\/a>\t\t\t\t\n\t\t<h4>Eduardo Cerqueira<\/h4><p><strong>Pasteur principal<\/strong><\/p><\/li>\t<\/ul>\n\t<h5><strong>Nos coordonn\u00e9es<\/strong><\/h5>\n\t<ul>\n\t\t<li>\t\t\t\t\n\t\t<h4>765 Boulevard Laval<\/h4><p>Laval (QC) H7S-2K4<\/p><\/li>\t<\/ul>\n\t<h5><strong>En transport en commun<\/strong><\/h5>\n\t<ul>\n\t\t<li>\t\t\t\t\n\t\t<h4>METRO MONTMORENCY<\/h4><p>535 Rue Lucien-Paiement, Laval, QC H7N-5H9<\/p><\/li><li>\t\t\t\t\n\t\t<h4>BUS STL &#8211; Arr\u00eat : 41916 (Laval \/ Jolivet)<\/h4><p>Lignes 37-N Sainte-Rose, 39-N Auteuil, 56-O Sainte-Doroth\u00e9e.<\/p><\/li><li>\t\t\t\t\n\t\t<h4>BUS STL &#8211; Arr\u00eat : 41918 (800 Boulevard Laval) <\/h4><p>Lignes 37-S Cartier, 39-S Le Carrefour, 56-E Montmorency.<\/p><\/li>\t<\/ul>\n\t\t\t\t<a href=\"https:\/\/maps.app.goo.gl\/BrQxCzcgX3JdeTkeA\"  target=\"_blank\" rel=\"noopener\"  itemprop=\"url\">\n\t\t\t\t<img decoding=\"async\" src=\"https:\/\/egliseilejesus.ca\/home\/wp-content\/uploads\/2024\/05\/carte_ile_jesus-1.png\" alt=\"carte_ile_jesus\" itemprop=\"image\" height=\"768\" width=\"768\" title=\"carte_ile_jesus\" onerror=\"this.style.display='none'\" loading='lazy' \/>\n\t\t\t\t<\/a>\n\n","protected":false},"excerpt":{"rendered":"<p>Pour toutes informations g\u00e9n\u00e9rales Par t\u00e9l\u00e9phone, entre 9h et 15h, de mardi au vendredi. 450-669-4631 Par courriel eglise@egliseilejesus.ca Notre \u00e9quipe pastorale Eduardo Cerqueira Pasteur principal Nos coordonn\u00e9es 765 Boulevard Laval Laval (QC) H7S-2K4 En transport en commun METRO MONTMORENCY 535 Rue Lucien-Paiement, Laval, QC H7N-5H9 BUS STL &#8211; Arr\u00eat : 41916 (Laval \/ Jolivet) Lignes [&hellip;]<\/p>\n","protected":false},"author":1,"featured_media":0,"parent":0,"menu_order":0,"comment_status":"closed","ping_status":"closed","template":"","meta":{"site-sidebar-layout":"no-sidebar","site-content-layout":"page-builder","ast-site-content-layout":"full-width-container","site-content-style":"unboxed","site-sidebar-style":"unboxed","ast-global-header-display":"","ast-banner-title-visibility":"","ast-main-header-display":"","ast-hfb-above-header-display":"","ast-hfb-below-header-display":"","ast-hfb-mobile-header-display":"","site-post-title":"disabled","ast-breadcrumbs-content":"","ast-featured-img":"","footer-sml-layout":"","ast-disable-related-posts":"","theme-transparent-header-meta":"enabled","adv-header-id-meta":"","stick-header-meta":"","header-above-stick-meta":"","header-main-stick-meta":"","header-below-stick-meta":"","astra-migrate-meta-layouts":"set","ast-page-background-enabled":"default","ast-page-background-meta":{"desktop":{"background-color":"","background-image":"","background-repeat":"repeat","background-position":"center center","background-size":"auto","background-attachment":"scroll","background-type":"","background-media":"","overlay-type":"","overlay-color":"","overlay-opacity":"","overlay-gradient":""},"tablet":{"background-color":"","background-image":"","background-repeat":"repeat","background-position":"center center","background-size":"auto","background-attachment":"scroll","background-type":"","background-media":"","overlay-type":"","overlay-color":"","overlay-opacity":"","overlay-gradient":""},"mobile":{"background-color":"","background-image":"","background-repeat":"repeat","background-position":"center center","background-size":"auto","background-attachment":"scroll","background-type":"","background-media":"","overlay-type":"","overlay-color":"","overlay-opacity":"","overlay-gradient":""}},"ast-content-background-meta":{"desktop":{"background-color":"var(--ast-global-color-5)","background-image":"","background-repeat":"repeat","background-position":"center center","background-size":"auto","background-attachment":"scroll","background-type":"","background-media":"","overlay-type":"","overlay-color":"","overlay-opacity":"","overlay-gradient":""},"tablet":{"background-color":"var(--ast-global-color-5)","background-image":"","background-repeat":"repeat","background-position":"center center","background-size":"auto","background-attachment":"scroll","background-type":"","background-media":"","overlay-type":"","overlay-color":"","overlay-opacity":"","overlay-gradient":""},"mobile":{"background-color":"var(--ast-global-color-5)","background-image":"","background-repeat":"repeat","background-position":"center center","background-size":"auto","background-attachment":"scroll","background-type":"","background-media":"","overlay-type":"","overlay-color":"","overlay-opacity":"","overlay-gradient":""}},"footnotes":""},"class_list":["post-1325","page","type-page","status-publish","hentry"],"_links":{"self":[{"href":"https:\/\/egliseilejesus.ca\/home\/wp-json\/wp\/v2\/pages\/1325","targetHints":{"allow":["GET"]}}],"collection":[{"href":"https:\/\/egliseilejesus.ca\/home\/wp-json\/wp\/v2\/pages"}],"about":[{"href":"https:\/\/egliseilejesus.ca\/home\/wp-json\/wp\/v2\/types\/page"}],"author":[{"embeddable":true,"href":"https:\/\/egliseilejesus.ca\/home\/wp-json\/wp\/v2\/users\/1"}],"replies":[{"embeddable":true,"href":"https:\/\/egliseilejesus.ca\/home\/wp-json\/wp\/v2\/comments?post=1325"}],"version-history":[{"count":7,"href":"https:\/\/egliseilejesus.ca\/home\/wp-json\/wp\/v2\/pages\/1325\/revisions"}],"predecessor-version":[{"id":1513,"href":"https:\/\/egliseilejesus.ca\/home\/wp-json\/wp\/v2\/pages\/1325\/revisions\/1513"}],"wp:attachment":[{"href":"https:\/\/egliseilejesus.ca\/home\/wp-json\/wp\/v2\/media?parent=1325"}],"curies":[{"name":"wp","href":"https:\/\/api.w.org\/{rel}","templated":true}]}}